CRAN Package Check Results for Package hidecan

Last updated on 2024-06-13 03:49:21 CEST.

Flavor Version Tinstall Tcheck Ttotal Status Flags
r-devel-linux-x86_64-debian-clang 1.1.0 4.67 142.28 146.95 OK
r-devel-linux-x86_64-debian-gcc 1.1.0 0.49 1.88 2.37 ERROR
r-devel-linux-x86_64-fedora-clang 1.1.0 175.87 OK
r-devel-linux-x86_64-fedora-gcc 1.1.0 182.73 OK
r-devel-windows-x86_64 1.1.0 5.00 105.00 110.00 OK
r-patched-linux-x86_64 1.1.0 4.25 133.31 137.56 OK
r-release-linux-x86_64 1.1.0 2.90 136.86 139.76 OK
r-release-macos-arm64 1.1.0 51.00 OK
r-release-macos-x86_64 1.1.0 78.00 OK
r-release-windows-x86_64 1.1.0 6.00 110.00 116.00 OK
r-oldrel-macos-arm64 1.1.0 54.00 OK
r-oldrel-macos-x86_64 1.1.0 87.00 OK
r-oldrel-windows-x86_64 1.1.0 7.00 127.00 134.00 OK

Check Details

Version: 1.1.0
Check: package dependencies
Result: ERROR Packages required but not available: 'dplyr', 'ggnewscale', 'ggplot2', 'ggrepel', 'purrr', 'tibble', 'tidyr', 'viridis', 'vroom' Packages suggested but not available for checking: 'stringr', 'testthat' See section ‘The DESCRIPTION file’ in the ‘Writing R Extensions’ manual. Flavor: r-devel-linux-x86_64-debian-gcc