CRAN Package Check Results for Package hettx

Last updated on 2023-02-06 15:57:17 CET.

Flavor Version Tinstall Tcheck Ttotal Status Flags
r-devel-linux-x86_64-debian-clang 0.1.1 11.38 309.53 320.91 OK
r-devel-linux-x86_64-debian-gcc 0.1.1 9.88 225.21 235.09 OK
r-devel-linux-x86_64-fedora-clang 0.1.1 378.49 NOTE
r-devel-linux-x86_64-fedora-gcc 0.1.1 414.50 NOTE
r-devel-windows-x86_64 0.1.1 35.00 373.00 408.00 OK
r-patched-linux-x86_64 0.1.1 11.49 294.53 306.02 OK
r-release-linux-x86_64 0.1.1 8.68 293.69 302.37 OK
r-release-macos-arm64 0.1.1 142.00 NOTE
r-release-macos-x86_64 0.1.1 206.00 NOTE
r-release-windows-x86_64 0.1.1 39.00 396.00 435.00 OK
r-oldrel-macos-arm64 0.1.1 148.00 NOTE
r-oldrel-macos-x86_64 0.1.1 204.00 NOTE
r-oldrel-windows-ix86+x86_64 0.1.1 27.00 350.00 377.00 OK

Check Details

Version: 0.1.1
Check: dependencies in R code
Result: NOTE
    Namespaces in Imports field not imported from:
     ‘dplyr’ ‘purrr’ ‘tidyverse’
     All declared Imports should be used.
Flavors: r-devel-linux-x86_64-fedora-clang, r-devel-linux-x86_64-fedora-gcc, r-release-macos-arm64, r-release-macos-x86_64, r-oldrel-macos-arm64, r-oldrel-macos-x86_64