CRAN Package Check Results for Package hesim

Last updated on 2021-10-23 05:02:36 CEST.

Flavor Version Tinstall Tcheck Ttotal Status Flags
r-devel-linux-x86_64-debian-clang 0.5.1 315.25 403.66 718.91 OK
r-devel-linux-x86_64-debian-gcc 0.5.1 274.38 276.07 550.45 OK
r-devel-linux-x86_64-fedora-clang 0.5.1 984.57 NOTE
r-devel-linux-x86_64-fedora-gcc 0.5.1 930.45 NOTE
r-devel-windows-x86_64 0.5.1 433.00 509.00 942.00 NOTE
r-devel-windows-x86_64-gcc10-UCRT 0.5.1 NOTE
r-patched-linux-x86_64 0.5.1 335.12 379.86 714.98 OK
r-patched-solaris-x86 0.5.1 653.60 NOTE
r-release-linux-x86_64 0.5.1 321.69 373.89 695.58 OK
r-release-macos-arm64 0.5.1 NOTE
r-release-macos-x86_64 0.5.1 NOTE
r-release-windows-ix86+x86_64 0.5.1 592.00 616.00 1208.00 NOTE
r-oldrel-macos-x86_64 0.5.1 NOTE
r-oldrel-windows-ix86+x86_64 0.5.1 834.00 626.00 1460.00 NOTE

Check Details

Version: 0.5.1
Check: installed package size
Result: NOTE
     installed size is 25.0Mb
     sub-directories of 1Mb or more:
     doc 2.2Mb
     libs 20.9Mb
Flavors: r-devel-linux-x86_64-fedora-clang, r-devel-windows-x86_64, r-patched-solaris-x86, r-release-macos-arm64, r-release-macos-x86_64, r-release-windows-ix86+x86_64, r-oldrel-macos-x86_64, r-oldrel-windows-ix86+x86_64

Version: 0.5.1
Check: dependencies in R code
Result: NOTE
    Namespace in Imports field not imported from: ‘R6’
     All declared Imports should be used.
Flavors: r-devel-linux-x86_64-fedora-clang, r-devel-linux-x86_64-fedora-gcc, r-devel-windows-x86_64-gcc10-UCRT, r-patched-solaris-x86, r-release-macos-arm64, r-release-macos-x86_64, r-oldrel-macos-x86_64