CRAN Package Check Results for Package hermiter

Last updated on 2021-10-26 02:56:32 CEST.

Flavor Version Tinstall Tcheck Ttotal Status Flags
r-devel-linux-x86_64-debian-clang 2.0.3 23.23 145.66 168.89 OK
r-devel-linux-x86_64-debian-gcc 2.0.3 17.06 101.90 118.96 OK
r-devel-linux-x86_64-fedora-clang 2.0.3 210.36 OK
r-devel-linux-x86_64-fedora-gcc 2.0.3 196.78 OK
r-devel-windows-x86_64 2.0.3 34.00 189.00 223.00 OK
r-devel-windows-x86_64-gcc10-UCRT 2.0.3 OK
r-patched-linux-x86_64 2.0.3 20.39 137.01 157.40 OK
r-patched-solaris-x86 2.0.3 217.40 OK
r-release-linux-x86_64 2.0.3 20.47 134.37 154.84 OK
r-release-macos-arm64 2.0.3 OK
r-release-macos-x86_64 2.0.3 WARN
r-release-windows-ix86+x86_64 2.0.3 45.00 285.00 330.00 OK
r-oldrel-macos-x86_64 2.0.3 WARN
r-oldrel-windows-ix86+x86_64 2.0.3 66.00 284.00 350.00 OK

Check Details

Version: 2.0.3
Check: re-building of vignette outputs
Result: WARN
    Error(s) in re-building vignettes:
    --- re-building ‘hermiter.Rmd’ using rmarkdown
    Warning in engine$weave(file, quiet = quiet, encoding = enc) :
     Pandoc (>= 1.12.3) not available. Falling back to R Markdown v1.
    
    Attaching package: 'dplyr'
    
    The following objects are masked from 'package:stats':
    
     filter, lag
    
    The following objects are masked from 'package:base':
    
     intersect, setdiff, setequal, union
    
    
    Attaching package: 'data.table'
    
    The following objects are masked from 'package:dplyr':
    
     between, first, last
    
    Quitting from lines 542-544 (hermiter.Rmd)
    Error: processing vignette 'hermiter.Rmd' failed with diagnostics:
    invalid 'path' argument
    --- failed re-building ‘hermiter.Rmd’
    
    SUMMARY: processing the following file failed:
     ‘hermiter.Rmd’
    
    Error: Vignette re-building failed.
    Execution halted
Flavor: r-release-macos-x86_64

Version: 2.0.3
Check: re-building of vignette outputs
Result: WARN
    Error(s) in re-building vignettes:
    --- re-building ‘hermiter.Rmd’ using rmarkdown
    Warning in engine$weave(file, quiet = quiet, encoding = enc) :
     Pandoc (>= 1.12.3) and/or pandoc-citeproc not available. Falling back to R Markdown v1.
    
    Attaching package: 'dplyr'
    
    The following objects are masked from 'package:stats':
    
     filter, lag
    
    The following objects are masked from 'package:base':
    
     intersect, setdiff, setequal, union
    
    
    Attaching package: 'data.table'
    
    The following objects are masked from 'package:dplyr':
    
     between, first, last
    
    Quitting from lines 542-544 (hermiter.Rmd)
    Error: processing vignette 'hermiter.Rmd' failed with diagnostics:
    invalid 'path' argument
    --- failed re-building ‘hermiter.Rmd’
    
    SUMMARY: processing the following file failed:
     ‘hermiter.Rmd’
    
    Error: Vignette re-building failed.
    Execution halted
Flavor: r-oldrel-macos-x86_64