CRAN Package Check Results for Package hermiter

Last updated on 2024-07-15 15:54:25 CEST.

Flavor Version Tinstall Tcheck Ttotal Status Flags
r-devel-linux-x86_64-debian-clang 2.3.1 30.43 81.84 112.27 NOTE
r-devel-linux-x86_64-debian-gcc 2.3.1 22.16 59.96 82.12 NOTE
r-devel-linux-x86_64-fedora-clang 2.3.1 155.82 NOTE
r-devel-linux-x86_64-fedora-gcc 2.3.1 157.84 NOTE
r-devel-windows-x86_64 2.3.1 28.00 101.00 129.00 NOTE
r-patched-linux-x86_64 2.3.1 27.54 78.27 105.81 NOTE
r-release-linux-x86_64 2.3.1 24.53 77.47 102.00 NOTE
r-release-macos-arm64 2.3.1 40.00 NOTE
r-release-macos-x86_64 2.3.1 65.00 NOTE
r-release-windows-x86_64 2.3.1 29.00 103.00 132.00 NOTE
r-oldrel-macos-arm64 2.3.1 63.00 NOTE
r-oldrel-macos-x86_64 2.3.1 100.00 NOTE
r-oldrel-windows-x86_64 2.3.1 27.00 120.00 147.00 NOTE

Check Details

Version: 2.3.1
Check: for GNU extensions in Makefiles
Result: NOTE GNU make is a SystemRequirements. Flavors: r-devel-linux-x86_64-debian-clang, r-devel-linux-x86_64-debian-gcc, r-devel-linux-x86_64-fedora-clang, r-devel-linux-x86_64-fedora-gcc, r-devel-windows-x86_64, r-patched-linux-x86_64, r-release-linux-x86_64, r-release-macos-arm64, r-release-macos-x86_64, r-release-windows-x86_64, r-oldrel-macos-arm64, r-oldrel-macos-x86_64, r-oldrel-windows-x86_64

Version: 2.3.1
Check: installed package size
Result: NOTE installed size is 5.2Mb sub-directories of 1Mb or more: R 1.6Mb doc 1.9Mb libs 1.4Mb Flavors: r-release-macos-arm64, r-release-macos-x86_64, r-oldrel-macos-arm64, r-oldrel-macos-x86_64