CRAN Package Check Results for Package hergm

Last updated on 2022-11-26 16:02:56 CET.

Flavor Version Tinstall Tcheck Ttotal Status Flags
r-devel-linux-x86_64-debian-clang 4.1-10 50.21 139.12 189.33 OK
r-devel-linux-x86_64-debian-gcc 4.1-10 41.59 101.36 142.95 OK
r-devel-linux-x86_64-fedora-clang 4.1-10 260.88 OK
r-devel-linux-x86_64-fedora-gcc 4.1-10 254.76 OK
r-devel-windows-x86_64 4.1-10 70.00 174.00 244.00 OK
r-patched-linux-x86_64 4.1-10 ERROR
r-release-linux-x86_64 4.1-10 33.16 128.48 161.64 OK
r-release-macos-arm64 4.1-10 69.00 OK
r-release-macos-x86_64 4.1-10 91.00 OK
r-release-windows-x86_64 4.1-10 72.00 177.00 249.00 OK
r-oldrel-macos-arm64 4.1-10 67.00 OK
r-oldrel-macos-x86_64 4.1-10 98.00 OK
r-oldrel-windows-ix86+x86_64 4.1-10 127.00 198.00 325.00 OK

Check Details

Version: 4.1-10
Check: package dependencies
Result: ERROR
    Packages required but not available: 'ergm', 'latentnet', 'mlergm'
    
    See section ‘The DESCRIPTION file’ in the ‘Writing R Extensions’
    manual.
Flavor: r-patched-linux-x86_64