CRAN Package Check Results for Package here

Last updated on 2021-11-28 15:48:43 CET.

Flavor Version Tinstall Tcheck Ttotal Status Flags
r-devel-linux-x86_64-debian-clang 1.0.1 NOTE
r-devel-linux-x86_64-debian-gcc 1.0.1 1.37 21.99 23.36 NOTE
r-devel-linux-x86_64-fedora-clang 1.0.1 48.75 NOTE
r-devel-linux-x86_64-fedora-gcc 1.0.1 37.55 NOTE
r-devel-windows-x86_64-new-UL 1.0.1 8.00 77.00 85.00 NOTE
r-devel-windows-x86_64-new-TK 1.0.1 NOTE
r-devel-windows-x86_64-old 1.0.1 4.00 53.00 57.00 NOTE
r-patched-linux-x86_64 1.0.1 2.11 27.90 30.01 NOTE
r-patched-solaris-x86 1.0.1 52.20 NOTE
r-release-linux-x86_64 1.0.1 2.15 28.00 30.15 NOTE
r-release-macos-arm64 1.0.1 NOTE
r-release-macos-x86_64 1.0.1 NOTE
r-release-windows-ix86+x86_64 1.0.1 5.00 37.00 42.00 NOTE
r-oldrel-macos-x86_64 1.0.1 OK
r-oldrel-windows-ix86+x86_64 1.0.1 4.00 46.00 50.00 OK

Check Details

Version: 1.0.1
Check: LazyData
Result: NOTE
     'LazyData' is specified without a 'data' directory
Flavors: r-devel-linux-x86_64-debian-clang, r-devel-linux-x86_64-debian-gcc, r-devel-linux-x86_64-fedora-clang, r-devel-linux-x86_64-fedora-gcc, r-devel-windows-x86_64-new-UL, r-devel-windows-x86_64-new-TK, r-devel-windows-x86_64-old, r-patched-linux-x86_64, r-patched-solaris-x86, r-release-linux-x86_64, r-release-macos-arm64, r-release-macos-x86_64, r-release-windows-ix86+x86_64