CRAN Package Check Results for Package helda

Last updated on 2022-01-25 15:54:20 CET.

Flavor Version Tinstall Tcheck Ttotal Status Flags
r-devel-linux-x86_64-debian-clang 1.1.5 7.12 82.97 90.09 OK
r-devel-linux-x86_64-debian-gcc 1.1.5 6.92 62.22 69.14 OK
r-devel-linux-x86_64-fedora-clang 1.1.5 112.40 NOTE
r-devel-linux-x86_64-fedora-gcc 1.1.5 100.83 NOTE
r-devel-windows-x86_64-new-UL 1.1.5 37.00 105.00 142.00 OK
r-devel-windows-x86_64-new-TK 1.1.5 NOTE
r-patched-linux-x86_64 1.1.5 7.75 76.79 84.54 OK
r-release-linux-x86_64 1.1.5 6.88 75.10 81.98 OK
r-release-macos-arm64 1.1.5 NOTE
r-release-macos-x86_64 1.1.5 NOTE
r-release-windows-ix86+x86_64 1.1.5 18.00 95.00 113.00 OK
r-oldrel-macos-x86_64 1.1.5 NOTE
r-oldrel-windows-ix86+x86_64 1.1.5 18.00 97.00 115.00 OK

Check Details

Version: 1.1.5
Check: data for non-ASCII characters
Result: NOTE
     Note: found 1 marked UTF-8 string
Flavors: r-devel-linux-x86_64-fedora-clang, r-devel-linux-x86_64-fedora-gcc, r-devel-windows-x86_64-new-TK, r-release-macos-arm64, r-release-macos-x86_64, r-oldrel-macos-x86_64