CRAN Package Check Results for Package healthyR

Last updated on 2021-12-01 15:51:59 CET.

Flavor Version Tinstall Tcheck Ttotal Status Flags
r-devel-linux-x86_64-debian-clang 0.1.6 11.00 118.95 129.95 OK
r-devel-linux-x86_64-debian-gcc 0.1.6 9.26 89.64 98.90 OK
r-devel-linux-x86_64-fedora-clang 0.1.6 167.30 NOTE
r-devel-linux-x86_64-fedora-gcc 0.1.6 157.61 NOTE
r-devel-windows-x86_64-new-UL 0.1.6 26.00 180.00 206.00 NOTE
r-devel-windows-x86_64-new-TK 0.1.6 NOTE
r-devel-windows-x86_64-old 0.1.6 19.00 127.00 146.00 NOTE
r-patched-linux-x86_64 0.1.6 11.85 119.72 131.57 OK
r-patched-solaris-x86 0.1.6 191.50 NOTE
r-release-linux-x86_64 0.1.6 11.67 118.89 130.56 OK
r-release-macos-arm64 0.1.6 NOTE
r-release-macos-x86_64 0.1.6 NOTE
r-release-windows-ix86+x86_64 0.1.6 27.00 122.00 149.00 NOTE
r-oldrel-macos-x86_64 0.1.6 NOTE
r-oldrel-windows-ix86+x86_64 0.1.6 20.00 115.00 135.00 NOTE

Check Details

Version: 0.1.6
Check: installed package size
Result: NOTE
     installed size is 6.6Mb
     sub-directories of 1Mb or more:
     data 1.5Mb
     doc 4.8Mb
Flavors: r-devel-linux-x86_64-fedora-clang, r-devel-windows-x86_64-new-UL, r-devel-windows-x86_64-old, r-patched-solaris-x86, r-release-macos-arm64, r-release-macos-x86_64, r-release-windows-ix86+x86_64, r-oldrel-macos-x86_64, r-oldrel-windows-ix86+x86_64

Version: 0.1.6
Check: dependencies in R code
Result: NOTE
    Namespace in Imports field not imported from: ‘lifecycle’
     All declared Imports should be used.
Flavors: r-devel-linux-x86_64-fedora-clang, r-devel-linux-x86_64-fedora-gcc, r-devel-windows-x86_64-new-TK, r-patched-solaris-x86, r-release-macos-arm64, r-release-macos-x86_64, r-oldrel-macos-x86_64