CRAN Package Check Results for Package hawkesbow

Last updated on 2023-01-26 15:53:11 CET.

Flavor Version Tinstall Tcheck Ttotal Status Flags
r-devel-linux-x86_64-debian-clang 1.0.2 147.46 99.87 247.33 OK
r-devel-linux-x86_64-debian-gcc 1.0.2 118.41 74.13 192.54 OK
r-devel-linux-x86_64-fedora-clang 1.0.2 384.77 OK
r-devel-linux-x86_64-fedora-gcc 1.0.2 365.40 NOTE
r-devel-windows-x86_64 1.0.2 134.00 162.00 296.00 OK
r-patched-linux-x86_64 1.0.2 131.49 96.38 227.87 OK
r-release-linux-x86_64 1.0.2 107.42 101.61 209.03 OK
r-release-macos-arm64 1.0.2 80.00 NOTE
r-release-macos-x86_64 1.0.2 128.00 NOTE
r-release-windows-x86_64 1.0.2 127.00 162.00 289.00 OK
r-oldrel-macos-arm64 1.0.2 83.00 NOTE
r-oldrel-macos-x86_64 1.0.2 194.00 NOTE
r-oldrel-windows-ix86+x86_64 1.0.2 358.00 251.00 609.00 OK

Check Details

Version: 1.0.2
Check: C++ specification
Result: NOTE
     Specified C++11: please update to current default of C++17
Flavor: r-devel-linux-x86_64-fedora-gcc

Version: 1.0.2
Check: installed package size
Result: NOTE
     installed size is 11.9Mb
     sub-directories of 1Mb or more:
     libs 11.4Mb
Flavors: r-release-macos-arm64, r-release-macos-x86_64, r-oldrel-macos-arm64, r-oldrel-macos-x86_64