CRAN Package Check Results for Package haldensify

Last updated on 2021-10-17 15:48:59 CEST.

Flavor Version Tinstall Tcheck Ttotal Status Flags
r-devel-linux-x86_64-debian-clang 0.2.1 12.94 482.02 494.96 OK
r-devel-linux-x86_64-debian-gcc 0.2.1 10.51 331.09 341.60 OK
r-devel-linux-x86_64-fedora-clang 0.2.1 583.16 NOTE
r-devel-linux-x86_64-fedora-gcc 0.2.1 573.27 OK
r-devel-windows-x86_64 0.2.1 21.00 545.00 566.00 OK
r-devel-windows-x86_64-gcc10-UCRT 0.2.1 OK
r-patched-linux-x86_64 0.2.1 17.79 464.81 482.60 OK
r-patched-solaris-x86 0.2.1 362.10 OK
r-release-linux-x86_64 0.2.1 10.58 455.97 466.55 OK
r-release-macos-arm64 0.0.6 NOTE
r-release-macos-x86_64 0.2.1 OK
r-release-windows-ix86+x86_64 0.2.1 40.00 537.00 577.00 OK
r-oldrel-macos-x86_64 0.2.1 OK
r-oldrel-windows-ix86+x86_64 0.2.1 22.00 425.00 447.00 OK

Check Details

Version: 0.2.1
Check: Rd cross-references
Result: NOTE
    Undeclared package ‘glmnet’ in Rd xrefs
Flavor: r-devel-linux-x86_64-fedora-clang

Version: 0.0.6
Check: LazyData
Result: NOTE
     'LazyData' is specified without a 'data' directory
Flavor: r-release-macos-arm64