CRAN Package Check Results for Package hacksaw

Last updated on 2021-11-27 15:50:43 CET.

Flavor Version Tinstall Tcheck Ttotal Status Flags
r-devel-linux-x86_64-debian-clang 0.0.2 NOTE
r-devel-linux-x86_64-debian-gcc 0.0.2 1.38 20.19 21.57 NOTE
r-devel-linux-x86_64-fedora-clang 0.0.2 44.28 NOTE
r-devel-linux-x86_64-fedora-gcc 0.0.2 33.76 NOTE
r-devel-windows-x86_64-new-UL 0.0.2 7.00 62.00 69.00 NOTE
r-devel-windows-x86_64-new-TK 0.0.2 NOTE
r-devel-windows-x86_64-old 0.0.2 4.00 55.00 59.00 NOTE
r-patched-linux-x86_64 0.0.2 2.17 24.73 26.90 NOTE
r-patched-solaris-x86 0.0.2 54.10 NOTE
r-release-linux-x86_64 0.0.2 NOTE
r-release-macos-arm64 0.0.2 NOTE
r-release-macos-x86_64 0.0.2 NOTE
r-release-windows-ix86+x86_64 0.0.2 5.00 31.00 36.00 NOTE
r-oldrel-macos-x86_64 0.0.2 OK
r-oldrel-windows-ix86+x86_64 0.0.2 15.00 43.00 58.00 OK

Check Details

Version: 0.0.2
Check: LazyData
Result: NOTE
     'LazyData' is specified without a 'data' directory
Flavors: r-devel-linux-x86_64-debian-clang, r-devel-linux-x86_64-debian-gcc, r-devel-linux-x86_64-fedora-clang, r-devel-linux-x86_64-fedora-gcc, r-devel-windows-x86_64-new-UL, r-devel-windows-x86_64-new-TK, r-devel-windows-x86_64-old, r-patched-linux-x86_64, r-patched-solaris-x86, r-release-linux-x86_64, r-release-macos-arm64, r-release-macos-x86_64, r-release-windows-ix86+x86_64