CRAN Package Check Results for Package h2o

Last updated on 2024-06-13 03:49:20 CEST.

Flavor Version Tinstall Tcheck Ttotal Status Flags
r-devel-linux-x86_64-debian-clang 3.44.0.3 71.52 216.15 287.67 OK
r-devel-linux-x86_64-debian-gcc 3.44.0.3 28.85 146.19 175.04 NOTE
r-devel-linux-x86_64-fedora-clang 3.44.0.3 306.73 NOTE
r-devel-linux-x86_64-fedora-gcc 3.44.0.3 286.73 OK
r-devel-windows-x86_64 3.44.0.3 54.00 238.00 292.00 NOTE
r-patched-linux-x86_64 3.44.0.3 75.45 195.96 271.41 OK
r-release-linux-x86_64 3.44.0.3 66.05 199.50 265.55 OK
r-release-macos-arm64 3.44.0.3 99.00 NOTE
r-release-macos-x86_64 3.44.0.3 137.00 NOTE
r-release-windows-x86_64 3.44.0.3 57.00 262.00 319.00 NOTE
r-oldrel-macos-arm64 3.44.0.3 120.00 NOTE
r-oldrel-macos-x86_64 3.44.0.3 244.00 NOTE
r-oldrel-windows-x86_64 3.44.0.3 58.00 283.00 341.00 NOTE

Check Details

Version: 3.44.0.3
Check: package dependencies
Result: NOTE Packages suggested but not available for checking: 'ggplot2', 'IRdisplay', 'plotly', 'repr' Flavor: r-devel-linux-x86_64-debian-gcc

Version: 3.44.0.3
Check: installed package size
Result: NOTE installed size is 267.8Mb sub-directories of 1Mb or more: R 1.5Mb help 1.0Mb java 264.7Mb Flavors: r-devel-linux-x86_64-fedora-clang, r-devel-windows-x86_64, r-release-macos-arm64, r-release-macos-x86_64, r-release-windows-x86_64, r-oldrel-macos-arm64, r-oldrel-macos-x86_64, r-oldrel-windows-x86_64