CRAN Package Check Results for Package gwpcormapper

Last updated on 2021-12-01 03:55:30 CET.

Flavor Version Tinstall Tcheck Ttotal Status Flags
r-devel-linux-x86_64-debian-clang 0.1.2 33.60 106.19 139.79 OK
r-devel-linux-x86_64-debian-gcc 0.1.2 23.90 86.17 110.07 OK
r-devel-linux-x86_64-fedora-clang 0.1.2 195.90 NOTE
r-devel-linux-x86_64-fedora-gcc 0.1.2 183.00 NOTE
r-devel-windows-x86_64-new-UL 0.1.2 48.00 165.00 213.00 OK
r-devel-windows-x86_64-new-TK 0.1.2 NOTE
r-devel-windows-x86_64-old 0.1.2 44.00 105.00 149.00 OK
r-patched-linux-x86_64 0.1.2 31.10 99.22 130.32 OK
r-patched-solaris-x86 0.1.2 229.60 NOTE
r-release-linux-x86_64 0.1.2 25.04 100.34 125.38 OK
r-release-macos-arm64 0.1.2 NOTE
r-release-macos-x86_64 0.1.2 NOTE
r-release-windows-ix86+x86_64 0.1.2 77.00 135.00 212.00 OK
r-oldrel-macos-x86_64 0.1.2 NOTE
r-oldrel-windows-ix86+x86_64 0.1.2 50.00 134.00 184.00 OK

Check Details

Version: 0.1.2
Check: dependencies in R code
Result: NOTE
    Namespaces in Imports field not imported from:
     ‘DT’ ‘attempt’ ‘corpcor’ ‘glue’ ‘htmltools’ ‘pkgload’ ‘processx’
     ‘tools’
     All declared Imports should be used.
Flavors: r-devel-linux-x86_64-fedora-clang, r-devel-linux-x86_64-fedora-gcc, r-devel-windows-x86_64-new-TK, r-patched-solaris-x86, r-release-macos-arm64, r-release-macos-x86_64, r-oldrel-macos-x86_64