CRAN Package Check Results for Package guidedPLS

Last updated on 2024-07-24 15:51:38 CEST.

Flavor Version Tinstall Tcheck Ttotal Status Flags
r-devel-linux-x86_64-debian-clang 1.0.0 7.22 86.48 93.70 NOTE
r-devel-linux-x86_64-debian-gcc 1.0.0 5.53 65.71 71.24 NOTE
r-devel-linux-x86_64-fedora-clang 1.0.0 120.86 NOTE
r-devel-linux-x86_64-fedora-gcc 1.0.0 125.57 NOTE
r-devel-windows-x86_64 1.0.0 7.00 81.00 88.00 NOTE
r-patched-linux-x86_64 1.0.0 6.75 86.01 92.76 NOTE
r-release-linux-x86_64 1.0.0 6.41 82.50 88.91 NOTE
r-release-macos-arm64 1.0.0 42.00 NOTE
r-release-macos-x86_64 1.0.0 61.00 NOTE
r-release-windows-x86_64 1.0.0 7.00 79.00 86.00 NOTE
r-oldrel-macos-arm64 1.0.0 46.00 OK
r-oldrel-macos-x86_64 1.0.0 129.00 OK
r-oldrel-windows-x86_64 1.0.0 6.00 91.00 97.00 OK

Check Details

Version: 1.0.0
Check: Rd files
Result: NOTE checkRd: (-1) PLSSVD.Rd:24: Lost braces; missing escapes or markup? 24 | The number of low-dimension (k < {N, M, L}, Default: .minDim(X, Y)) | ^ checkRd: (-1) guidedPLS.Rd:33: Lost braces; missing escapes or markup? 33 | The number of low-dimension (k < {N, M, L, O}, Default: .minDim(X1, X2, Y1, Y2)) | ^ checkRd: (-1) sPLSDA.Rd:24: Lost braces; missing escapes or markup? 24 | The number of low-dimension (k < {N, M, L}, Default: .minDim(X, Y)) | ^ Flavors: r-devel-linux-x86_64-debian-clang, r-devel-linux-x86_64-debian-gcc, r-devel-linux-x86_64-fedora-clang, r-devel-linux-x86_64-fedora-gcc, r-devel-windows-x86_64, r-patched-linux-x86_64, r-release-linux-x86_64, r-release-macos-arm64, r-release-macos-x86_64, r-release-windows-x86_64