CRAN Package Check Results for Package guaguas

Last updated on 2024-03-02 02:48:40 CET.

Flavor Version Tinstall Tcheck Ttotal Status Flags
r-devel-linux-x86_64-debian-clang 0.3.0 21.53 35.23 56.76 OK
r-devel-linux-x86_64-debian-gcc 0.3.0 19.37 28.13 47.50 OK
r-devel-linux-x86_64-fedora-clang 0.3.0 76.15 NOTE
r-devel-linux-x86_64-fedora-gcc 0.3.0 78.26 NOTE
r-devel-windows-x86_64 0.3.0 22.00 48.00 70.00 OK
r-patched-linux-x86_64 0.3.0 22.19 34.82 57.01 OK
r-release-linux-x86_64 0.3.0 20.41 34.77 55.18 OK
r-release-macos-arm64 0.3.0 36.00 OK
r-release-macos-x86_64 0.3.0 53.00 OK
r-release-windows-x86_64 0.3.0 21.00 47.00 68.00 OK
r-oldrel-macos-arm64 0.3.0 38.00 OK
r-oldrel-windows-x86_64 0.3.0 27.00 56.00 83.00 OK

Check Details

Version: 0.3.0
Check: data for non-ASCII characters
Result: NOTE Note: found 42384 marked UTF-8 strings Flavors: r-devel-linux-x86_64-fedora-clang, r-devel-linux-x86_64-fedora-gcc