CRAN Package Check Results for Package guaguas

Last updated on 2023-02-02 04:05:50 CET.

Flavor Version Tinstall Tcheck Ttotal Status Flags
r-devel-linux-x86_64-debian-clang 0.3.0 20.48 36.29 56.77 OK
r-devel-linux-x86_64-debian-gcc 0.3.0 19.90 29.53 49.43 OK
r-devel-linux-x86_64-fedora-clang 0.3.0 79.14 NOTE
r-devel-linux-x86_64-fedora-gcc 0.3.0 76.39 NOTE
r-patched-linux-x86_64 0.3.0 22.33 35.43 57.76 OK
r-release-linux-x86_64 0.3.0 21.09 36.18 57.27 OK
r-release-macos-arm64 0.3.0 35.00 NOTE
r-release-macos-x86_64 0.3.0 44.00 NOTE
r-release-windows-x86_64 0.3.0 27.00 67.00 94.00 OK
r-oldrel-macos-arm64 0.3.0 36.00 NOTE
r-oldrel-macos-x86_64 0.3.0 41.00 NOTE
r-oldrel-windows-ix86+x86_64 0.3.0 36.00 62.00 98.00 OK

Check Details

Version: 0.3.0
Check: data for non-ASCII characters
Result: NOTE
     Note: found 42384 marked UTF-8 strings
Flavors: r-devel-linux-x86_64-fedora-clang, r-devel-linux-x86_64-fedora-gcc, r-release-macos-arm64, r-release-macos-x86_64, r-oldrel-macos-arm64, r-oldrel-macos-x86_64