CRAN Package Check Results for Package gsisdecoder

Last updated on 2021-12-02 15:52:41 CET.

Flavor Version Tinstall Tcheck Ttotal Status Flags
r-devel-linux-x86_64-debian-clang 0.0.1 19.65 26.59 46.24 NOTE
r-devel-linux-x86_64-debian-gcc 0.0.1 10.29 21.31 31.60 NOTE
r-devel-linux-x86_64-fedora-clang 0.0.1 71.69 NOTE
r-devel-linux-x86_64-fedora-gcc 0.0.1 54.59 NOTE
r-devel-windows-x86_64-new-UL 0.0.1 26.00 84.00 110.00 NOTE
r-devel-windows-x86_64-new-TK 0.0.1 NOTE
r-devel-windows-x86_64-old 0.0.1 23.00 44.00 67.00 NOTE
r-patched-linux-x86_64 0.0.1 15.42 25.76 41.18 NOTE
r-patched-solaris-x86 0.0.1 68.80 NOTE
r-release-linux-x86_64 0.0.1 16.74 25.50 42.24 NOTE
r-release-macos-arm64 0.0.1 NOTE
r-release-macos-x86_64 0.0.1 NOTE
r-release-windows-ix86+x86_64 0.0.1 42.00 67.00 109.00 NOTE
r-oldrel-macos-x86_64 0.0.1 OK
r-oldrel-windows-ix86+x86_64 0.0.1 45.00 67.00 112.00 OK

Check Details

Version: 0.0.1
Check: LazyData
Result: NOTE
     'LazyData' is specified without a 'data' directory
Flavors: r-devel-linux-x86_64-debian-clang, r-devel-linux-x86_64-debian-gcc, r-devel-linux-x86_64-fedora-clang, r-devel-linux-x86_64-fedora-gcc, r-devel-windows-x86_64-new-UL, r-devel-windows-x86_64-new-TK, r-devel-windows-x86_64-old, r-patched-linux-x86_64, r-patched-solaris-x86, r-release-linux-x86_64, r-release-macos-arm64, r-release-macos-x86_64, r-release-windows-ix86+x86_64

Version: 0.0.1
Check: Rd cross-references
Result: NOTE
    Undeclared package ‘nflfastR’ in Rd xrefs
Flavor: r-devel-linux-x86_64-fedora-clang