CRAN Package Check Results for Package grwat

Last updated on 2022-09-25 03:54:31 CEST.

Flavor Version Tinstall Tcheck Ttotal Status Flags
r-devel-linux-x86_64-debian-clang 0.0.2 36.54 400.51 437.05 OK
r-devel-linux-x86_64-debian-gcc 0.0.2 31.55 283.16 314.71 OK
r-devel-linux-x86_64-fedora-clang 0.0.2 496.74 OK
r-devel-linux-x86_64-fedora-gcc 0.0.2 587.53 OK
r-devel-windows-x86_64 0.0.2 97.00 449.00 546.00 OK
r-patched-linux-x86_64 0.0.2 31.72 377.86 409.58 OK
r-release-linux-x86_64 0.0.2 31.98 364.76 396.74 OK
r-release-macos-arm64 0.0.2 163.00 NOTE
r-release-macos-x86_64 0.0.2 189.00 NOTE
r-release-windows-x86_64 0.0.2 78.00 442.00 520.00 OK
r-oldrel-macos-arm64 0.0.2 146.00 NOTE
r-oldrel-macos-x86_64 0.0.2 187.00 NOTE
r-oldrel-windows-ix86+x86_64 0.0.2 82.00 678.00 760.00 OK

Check Details

Version: 0.0.2
Check: installed package size
Result: NOTE
     installed size is 5.1Mb
     sub-directories of 1Mb or more:
     doc 1.6Mb
     libs 2.4Mb
Flavors: r-release-macos-arm64, r-release-macos-x86_64, r-oldrel-macos-arm64, r-oldrel-macos-x86_64