CRAN Package Check Results for Package growfunctions

Last updated on 2022-01-22 15:52:13 CET.

Flavor Version Tinstall Tcheck Ttotal Status Flags
r-devel-linux-x86_64-debian-clang 0.15 267.66 135.33 402.99 OK
r-devel-linux-x86_64-debian-gcc 0.15 195.65 99.33 294.98 OK
r-devel-linux-x86_64-fedora-clang 0.15 587.59 NOTE
r-devel-linux-x86_64-fedora-gcc 0.15 528.56 OK
r-devel-windows-x86_64-new-UL 0.15 243.00 182.00 425.00 OK
r-devel-windows-x86_64-new-TK 0.15 OK
r-patched-linux-x86_64 0.15 234.48 126.96 361.44 OK
r-release-linux-x86_64 0.15 242.11 126.48 368.59 OK
r-release-macos-arm64 0.15 NOTE
r-release-macos-x86_64 0.15 NOTE
r-release-windows-ix86+x86_64 0.15 618.00 242.00 860.00 OK
r-oldrel-macos-x86_64 0.15 NOTE
r-oldrel-windows-ix86+x86_64 0.15 623.00 245.00 868.00 OK

Check Details

Version: 0.15
Check: installed package size
Result: NOTE
     installed size is 16.0Mb
     sub-directories of 1Mb or more:
     libs 15.5Mb
Flavors: r-devel-linux-x86_64-fedora-clang, r-release-macos-arm64, r-release-macos-x86_64, r-oldrel-macos-x86_64