Last updated on 2023-02-04 16:55:50 CET.
Flavor | Version | Tinstall | Tcheck | Ttotal | Status | Flags |
---|---|---|---|---|---|---|
r-devel-linux-x86_64-debian-clang | 1.1.0 | 3.98 | 440.73 | 444.71 | OK | |
r-devel-linux-x86_64-debian-gcc | 1.1.0 | 4.25 | 370.69 | 374.94 | OK | |
r-devel-linux-x86_64-fedora-clang | 1.1.0 | 550.96 | NOTE | |||
r-devel-linux-x86_64-fedora-gcc | 1.1.0 | 553.32 | NOTE | |||
r-devel-windows-x86_64 | 1.1.0 | 22.00 | 496.00 | 518.00 | OK | |
r-patched-linux-x86_64 | 1.1.0 | 5.75 | 264.19 | 269.94 | OK | |
r-release-linux-x86_64 | 1.1.0 | 4.85 | 265.81 | 270.66 | OK | |
r-release-macos-arm64 | 1.1.0 | 148.00 | NOTE | |||
r-release-macos-x86_64 | 1.1.0 | 177.00 | NOTE | |||
r-release-windows-x86_64 | 1.1.0 | 16.00 | 328.00 | 344.00 | OK | |
r-oldrel-macos-arm64 | 1.1.0 | 176.00 | NOTE | |||
r-oldrel-macos-x86_64 | 1.1.0 | 267.00 | NOTE | |||
r-oldrel-windows-ix86+x86_64 | 1.1.0 | 9.00 | 359.00 | 368.00 | OK |
Version: 1.1.0
Check: dependencies in R code
Result: NOTE
Namespace in Imports field not imported from: ‘msm’
All declared Imports should be used.
Flavors: r-devel-linux-x86_64-fedora-clang, r-devel-linux-x86_64-fedora-gcc, r-release-macos-arm64, r-release-macos-x86_64, r-oldrel-macos-arm64, r-oldrel-macos-x86_64