CRAN Package Check Results for Package gridtext

Last updated on 2024-07-20 15:48:45 CEST.

Flavor Version Tinstall Tcheck Ttotal Status Flags
r-devel-linux-x86_64-debian-clang 0.1.5 30.84 44.67 75.51 NOTE
r-devel-linux-x86_64-debian-gcc 0.1.5 26.38 33.53 59.91 NOTE
r-devel-linux-x86_64-fedora-clang 0.1.5 127.73 NOTE
r-devel-linux-x86_64-fedora-gcc 0.1.5 129.61 NOTE
r-devel-windows-x86_64 0.1.5 29.00 71.00 100.00 NOTE
r-patched-linux-x86_64 0.1.5 35.23 42.64 77.87 NOTE
r-release-linux-x86_64 0.1.5 36.86 43.52 80.38 NOTE
r-release-macos-arm64 0.1.5 33.00 NOTE
r-release-macos-x86_64 0.1.5 40.00 NOTE
r-release-windows-x86_64 0.1.5 38.00 72.00 110.00 NOTE
r-oldrel-macos-arm64 0.1.5 36.00 NOTE
r-oldrel-macos-x86_64 0.1.5 57.00 NOTE
r-oldrel-windows-x86_64 0.1.5 46.00 85.00 131.00 NOTE

Check Details

Version: 0.1.5
Check: C++ specification
Result: NOTE Specified C++11: please drop specification unless essential Flavors: r-devel-linux-x86_64-debian-clang, r-devel-linux-x86_64-debian-gcc, r-devel-linux-x86_64-fedora-clang, r-devel-linux-x86_64-fedora-gcc, r-devel-windows-x86_64, r-patched-linux-x86_64, r-release-linux-x86_64, r-release-macos-arm64, r-release-macos-x86_64, r-release-windows-x86_64, r-oldrel-macos-arm64, r-oldrel-macos-x86_64, r-oldrel-windows-x86_64