CRAN Package Check Results for Package gridBase

Last updated on 2022-05-18 15:49:04 CEST.

Flavor Version Tinstall Tcheck Ttotal Status Flags
r-devel-linux-x86_64-debian-clang 0.4-7 1.80 37.51 39.31 NOTE
r-devel-linux-x86_64-debian-gcc 0.4-7 1.76 28.70 30.46 NOTE
r-devel-linux-x86_64-fedora-clang 0.4-7 48.63 NOTE
r-devel-linux-x86_64-fedora-gcc 0.4-7 46.72 NOTE
r-devel-windows-x86_64 0.4-7 10.00 65.00 75.00 NOTE
r-patched-linux-x86_64 0.4-7 2.05 35.77 37.82 NOTE
r-release-linux-x86_64 0.4-7 1.74 35.55 37.29 NOTE
r-release-macos-arm64 0.4-7 20.00 NOTE
r-release-macos-x86_64 0.4-7 26.00 NOTE
r-release-windows-x86_64 0.4-7 13.00 65.00 78.00 NOTE
r-oldrel-macos-arm64 0.4-7 36.00 NOTE
r-oldrel-macos-x86_64 0.4-7 35.00 NOTE
r-oldrel-windows-ix86+x86_64 0.4-7 5.00 48.00 53.00 NOTE

Check Details

Version: 0.4-7
Check: DESCRIPTION meta-information
Result: NOTE
    Malformed Description field: should contain one or more complete sentences.
Flavors: r-devel-linux-x86_64-debian-clang, r-devel-linux-x86_64-debian-gcc, r-devel-linux-x86_64-fedora-clang, r-devel-linux-x86_64-fedora-gcc, r-devel-windows-x86_64, r-patched-linux-x86_64, r-release-linux-x86_64, r-release-macos-arm64, r-release-macos-x86_64, r-release-windows-x86_64, r-oldrel-macos-arm64, r-oldrel-macos-x86_64, r-oldrel-windows-ix86+x86_64