Last updated on 2023-03-26 03:50:12 CEST.
Flavor | Version | Tinstall | Tcheck | Ttotal | Status | Flags |
---|---|---|---|---|---|---|
r-devel-linux-x86_64-debian-clang | 0.7-3 | 22.10 | 140.69 | 162.79 | NOTE | |
r-devel-linux-x86_64-debian-gcc | 0.7-3 | 14.52 | 103.87 | 118.39 | NOTE | |
r-devel-linux-x86_64-fedora-clang | 0.7-3 | 195.44 | NOTE | |||
r-devel-linux-x86_64-fedora-gcc | 0.7-3 | 190.43 | NOTE | |||
r-patched-linux-x86_64 | 0.7-3 | 19.21 | 136.74 | 155.95 | NOTE | |
r-release-linux-x86_64 | 0.7-3 | 14.81 | 129.97 | 144.78 | NOTE | |
r-release-macos-arm64 | 0.7-3 | 55.00 | NOTE | |||
r-release-macos-x86_64 | 0.7-3 | 73.00 | NOTE | |||
r-release-windows-x86_64 | 0.7-3 | 35.00 | 162.00 | 197.00 | NOTE | |
r-oldrel-macos-arm64 | 0.7-3 | 54.00 | NOTE | |||
r-oldrel-macos-x86_64 | 0.7-3 | 73.00 | NOTE | |||
r-oldrel-windows-ix86+x86_64 | 0.7-3 | 39.00 | 153.00 | 192.00 | NOTE |
Version: 0.7-3
Check: R code for possible problems
Result: NOTE
accrualReport: multiple local function definitions for ‘gg’ with
different formal arguments
Flavors: r-devel-linux-x86_64-debian-clang, r-devel-linux-x86_64-debian-gcc, r-devel-linux-x86_64-fedora-clang, r-devel-linux-x86_64-fedora-gcc, r-patched-linux-x86_64, r-release-linux-x86_64, r-release-macos-arm64, r-release-macos-x86_64, r-release-windows-x86_64, r-oldrel-macos-arm64, r-oldrel-macos-x86_64, r-oldrel-windows-ix86+x86_64