CRAN Package Check Results for Package graphx

Last updated on 2022-09-27 03:55:53 CEST.

Flavor Version Tinstall Tcheck Ttotal Status Flags
r-devel-linux-x86_64-debian-clang 1.0 32.19 272.20 304.39 OK
r-devel-linux-x86_64-debian-gcc 1.0 25.27 200.40 225.67 OK
r-devel-linux-x86_64-fedora-clang 1.0 378.91 NOTE
r-devel-linux-x86_64-fedora-gcc 1.0 419.62 NOTE
r-devel-windows-x86_64 1.0 41.00 263.00 304.00 OK
r-patched-linux-x86_64 1.0 29.46 259.43 288.89 OK
r-release-linux-x86_64 1.0 32.91 259.24 292.15 OK
r-release-macos-arm64 1.0 71.00 NOTE
r-release-macos-x86_64 1.0 105.00 NOTE
r-release-windows-x86_64 1.0 28.00 263.00 291.00 OK
r-oldrel-macos-arm64 1.0 65.00 NOTE
r-oldrel-macos-x86_64 1.0 97.00 NOTE
r-oldrel-windows-ix86+x86_64 1.0 65.00 267.00 332.00 OK

Check Details

Version: 1.0
Check: dependencies in R code
Result: NOTE
    Namespaces in Imports field not imported from:
     ‘MASS’ ‘cubature’ ‘magicaxis’
     All declared Imports should be used.
Flavors: r-devel-linux-x86_64-fedora-clang, r-devel-linux-x86_64-fedora-gcc, r-release-macos-arm64, r-release-macos-x86_64, r-oldrel-macos-arm64, r-oldrel-macos-x86_64