Last updated on 2025-01-23 15:49:19 CET.
Flavor | Version | Tinstall | Tcheck | Ttotal | Status | Flags |
---|---|---|---|---|---|---|
r-devel-linux-x86_64-debian-clang | 0.3.3 | 13.88 | 126.61 | 140.49 | NOTE | |
r-devel-linux-x86_64-debian-gcc | 0.3.3 | 9.92 | 88.36 | 98.28 | NOTE | |
r-devel-linux-x86_64-fedora-clang | 0.3.3 | 257.92 | NOTE | |||
r-devel-linux-x86_64-fedora-gcc | 0.3.3 | 229.31 | NOTE | |||
r-devel-windows-x86_64 | 0.3.3 | 15.00 | 404.00 | 419.00 | OK | |
r-patched-linux-x86_64 | 0.3.3 | 14.04 | 119.34 | 133.38 | NOTE | |
r-release-linux-x86_64 | 0.3.3 | 13.21 | 118.42 | 131.63 | NOTE | |
r-release-macos-arm64 | 0.3.3 | 303.00 | OK | |||
r-release-macos-x86_64 | 0.3.3 | 447.00 | OK | |||
r-release-windows-x86_64 | 0.3.3 | 15.00 | 387.00 | 402.00 | OK | |
r-oldrel-macos-arm64 | 0.3.3 | 308.00 | OK | |||
r-oldrel-macos-x86_64 | 0.3.3 | 437.00 | OK | |||
r-oldrel-windows-x86_64 | 0.3.3 | 20.00 | 501.00 | 521.00 | OK |
Version: 0.3.3
Check: Rd cross-references
Result: NOTE
Unknown package ‘edmcr’ in Rd xrefs
Flavors: r-devel-linux-x86_64-debian-clang, r-devel-linux-x86_64-debian-gcc, r-devel-linux-x86_64-fedora-gcc, r-patched-linux-x86_64, r-release-linux-x86_64
Version: 0.3.3
Check: Rd cross-references
Result: NOTE
Undeclared package ‘glasso’ in Rd xrefs
Unknown package ‘edmcr’ in Rd xrefs
Flavor: r-devel-linux-x86_64-fedora-clang
Version: 0.3.3
Check: package dependencies
Result: NOTE
Package suggested but not available for checking: ‘edmcr’
Flavors: r-patched-linux-x86_64, r-release-linux-x86_64