CRAN Package Check Results for Package graphicalExtremes

Last updated on 2024-06-13 03:49:20 CEST.

Flavor Version Tinstall Tcheck Ttotal Status Flags
r-devel-linux-x86_64-debian-clang 0.3.2 14.35 158.33 172.68 OK
r-devel-linux-x86_64-debian-gcc 0.3.2 0.57 1.89 2.46 ERROR
r-devel-linux-x86_64-fedora-clang 0.3.2 214.87 NOTE
r-devel-linux-x86_64-fedora-gcc 0.3.2 218.81 OK
r-devel-windows-x86_64 0.3.2 15.00 376.00 391.00 OK
r-patched-linux-x86_64 0.3.2 12.53 152.14 164.67 OK
r-release-linux-x86_64 0.3.2 11.16 151.99 163.15 OK
r-release-macos-arm64 0.3.2 190.00 OK
r-release-macos-x86_64 0.3.2 268.00 OK
r-release-windows-x86_64 0.3.2 15.00 383.00 398.00 OK
r-oldrel-macos-arm64 0.3.2 195.00 OK
r-oldrel-macos-x86_64 0.3.2 470.00 OK
r-oldrel-windows-x86_64 0.3.2 20.00 523.00 543.00 OK

Check Details

Version: 0.3.2
Check: package dependencies
Result: ERROR Packages required but not available: 'igraph', 'edmcr' Packages suggested but not available for checking: 'testthat', 'dplyr', 'ggplot2' See section ‘The DESCRIPTION file’ in the ‘Writing R Extensions’ manual. Flavor: r-devel-linux-x86_64-debian-gcc

Version: 0.3.2
Check: Rd cross-references
Result: NOTE Undeclared package ‘glasso’ in Rd xrefs Flavor: r-devel-linux-x86_64-fedora-clang