CRAN Package Check Results for Package graphTweets

Last updated on 2024-07-15 03:49:28 CEST.

Flavor Version Tinstall Tcheck Ttotal Status Flags
r-devel-linux-x86_64-debian-clang 0.5.3 4.00 47.27 51.27 OK
r-devel-linux-x86_64-debian-gcc 0.5.3 4.34 35.14 39.48 OK
r-devel-linux-x86_64-fedora-clang 0.5.3 65.54 NOTE
r-devel-linux-x86_64-fedora-gcc 0.5.3 61.37 NOTE
r-devel-windows-x86_64 0.5.3 5.00 55.00 60.00 OK
r-patched-linux-x86_64 0.5.3 5.34 44.54 49.88 OK
r-release-linux-x86_64 0.5.3 3.13 43.46 46.59 OK
r-release-macos-arm64 0.5.3 24.00 OK
r-release-macos-x86_64 0.5.3 34.00 OK
r-release-windows-x86_64 0.5.3 7.00 58.00 65.00 OK
r-oldrel-macos-arm64 0.5.3 24.00 OK
r-oldrel-macos-x86_64 0.5.3 34.00 OK
r-oldrel-windows-x86_64 0.5.3 7.00 62.00 69.00 OK

Check Details

Version: 0.5.3
Check: dependencies in R code
Result: NOTE Namespace in Imports field not imported from: ‘utils’ All declared Imports should be used. Flavors: r-devel-linux-x86_64-fedora-clang, r-devel-linux-x86_64-fedora-gcc