CRAN Package Check Results for Package graph3d

Last updated on 2022-07-06 03:52:16 CEST.

Flavor Version Tinstall Tcheck Ttotal Status Flags
r-devel-linux-x86_64-debian-clang 0.2.0 2.67 32.00 34.67 NOTE
r-devel-linux-x86_64-debian-gcc 0.2.0 2.28 24.87 27.15 NOTE
r-devel-linux-x86_64-fedora-clang 0.2.0 51.90 NOTE
r-devel-linux-x86_64-fedora-gcc 0.2.0 51.28 NOTE
r-devel-windows-x86_64 0.2.0 10.00 58.00 68.00 NOTE
r-patched-linux-x86_64 0.2.0 2.89 30.56 33.45 NOTE
r-release-linux-x86_64 0.2.0 2.07 31.13 33.20 NOTE
r-release-macos-arm64 0.2.0 18.00 NOTE
r-release-macos-x86_64 0.2.0 37.00 NOTE
r-release-windows-x86_64 0.2.0 9.00 56.00 65.00 NOTE
r-oldrel-macos-arm64 0.2.0 24.00 NOTE
r-oldrel-macos-x86_64 0.2.0 31.00 NOTE
r-oldrel-windows-ix86+x86_64 0.2.0 8.00 51.00 59.00 NOTE

Check Details

Version: 0.2.0
Check: LazyData
Result: NOTE
     'LazyData' is specified without a 'data' directory
Flavors: r-devel-linux-x86_64-debian-clang, r-devel-linux-x86_64-debian-gcc, r-devel-linux-x86_64-fedora-clang, r-devel-linux-x86_64-fedora-gcc, r-devel-windows-x86_64, r-patched-linux-x86_64, r-release-linux-x86_64, r-release-macos-arm64, r-release-macos-x86_64, r-release-windows-x86_64, r-oldrel-macos-arm64, r-oldrel-macos-x86_64, r-oldrel-windows-ix86+x86_64