CRAN Package Check Results for Package grabsampling

Last updated on 2021-10-24 03:51:10 CEST.

Flavor Version Tinstall Tcheck Ttotal Status Flags
r-devel-linux-x86_64-debian-clang 1.0.0 3.50 32.98 36.48 NOTE
r-devel-linux-x86_64-debian-gcc 1.0.0 2.58 25.17 27.75 NOTE
r-devel-linux-x86_64-fedora-clang 1.0.0 53.59 NOTE
r-devel-linux-x86_64-fedora-gcc 1.0.0 43.38 NOTE
r-devel-windows-x86_64 1.0.0 7.00 56.00 63.00 NOTE
r-devel-windows-x86_64-gcc10-UCRT 1.0.0 NOTE
r-patched-linux-x86_64 1.0.0 3.44 31.35 34.79 NOTE
r-patched-solaris-x86 1.0.0 61.40 NOTE
r-release-linux-x86_64 1.0.0 2.60 31.12 33.72 NOTE
r-release-macos-arm64 1.0.0 NOTE
r-release-macos-x86_64 1.0.0 NOTE
r-release-windows-ix86+x86_64 1.0.0 5.00 41.00 46.00 NOTE
r-oldrel-macos-x86_64 1.0.0 OK
r-oldrel-windows-ix86+x86_64 1.0.0 8.00 51.00 59.00 OK

Check Details

Version: 1.0.0
Check: LazyData
Result: NOTE
     'LazyData' is specified without a 'data' directory
Flavors: r-devel-linux-x86_64-debian-clang, r-devel-linux-x86_64-debian-gcc, r-devel-linux-x86_64-fedora-clang, r-devel-linux-x86_64-fedora-gcc, r-devel-windows-x86_64, r-devel-windows-x86_64-gcc10-UCRT, r-patched-linux-x86_64, r-patched-solaris-x86, r-release-linux-x86_64, r-release-macos-arm64, r-release-macos-x86_64, r-release-windows-ix86+x86_64