CRAN Package Check Results for Package goric

Last updated on 2024-07-21 03:55:24 CEST.

Flavor Version Tinstall Tcheck Ttotal Status Flags
r-devel-linux-x86_64-debian-clang 1.1-2 10.65 106.38 117.03 OK
r-devel-linux-x86_64-debian-gcc 1.1-2 7.62 76.80 84.42 OK
r-devel-linux-x86_64-fedora-clang 1.1-2 141.33 OK
r-devel-linux-x86_64-fedora-gcc 1.1-2 147.87 OK
r-devel-windows-x86_64 1.1-2 9.00 90.00 99.00 NOTE
r-patched-linux-x86_64 1.1-2 12.27 100.48 112.75 OK
r-release-linux-x86_64 1.1-2 7.46 98.38 105.84 OK
r-release-macos-arm64 1.1-2 48.00 OK
r-release-macos-x86_64 1.1-2 71.00 OK
r-release-windows-x86_64 1.1-2 9.00 89.00 98.00 OK
r-oldrel-macos-arm64 1.1-2 51.00 OK
r-oldrel-macos-x86_64 1.1-2 80.00 OK
r-oldrel-windows-x86_64 1.1-2 11.00 106.00 117.00 OK

Check Details

Version: 1.1-2
Check: Rd cross-references
Result: NOTE Found the following Rd file(s) with Rd \link{} targets missing package anchors: orgls.Rd: varClasses, corClasses, solve.QP orglsSet.Rd: varClasses, corClasses orlm.Rd: solve.QP Please provide package anchors for all Rd \link{} targets not in the package itself and the base packages. Flavor: r-devel-windows-x86_64