CRAN Package Check Results for Package googleTagManageR

Last updated on 2025-01-18 04:48:25 CET.

Flavor Version Tinstall Tcheck Ttotal Status Flags
r-devel-linux-x86_64-debian-clang 0.2.0 5.75 52.48 58.23 OK
r-devel-linux-x86_64-debian-gcc 0.2.0 4.12 37.64 41.76 OK
r-devel-linux-x86_64-fedora-clang 0.2.0 92.55 NOTE
r-devel-linux-x86_64-fedora-gcc 0.2.0 87.96 NOTE
r-devel-windows-x86_64 0.2.0 9.00 95.00 104.00 OK
r-patched-linux-x86_64 0.2.0 8.44 48.39 56.83 OK
r-release-linux-x86_64 0.2.0 6.32 48.98 55.30 OK
r-release-macos-arm64 0.2.0 29.00 OK
r-release-macos-x86_64 0.2.0 51.00 OK
r-release-windows-x86_64 0.2.0 8.00 89.00 97.00 OK
r-oldrel-macos-arm64 0.2.0 31.00 OK
r-oldrel-macos-x86_64 0.2.0 46.00 OK
r-oldrel-windows-x86_64 0.2.0 10.00 105.00 115.00 OK

Check Details

Version: 0.2.0
Check: dependencies in R code
Result: NOTE Namespaces in Imports field not imported from: ‘assertthat’ ‘future’ ‘httr’ All declared Imports should be used. Flavors: r-devel-linux-x86_64-fedora-clang, r-devel-linux-x86_64-fedora-gcc