CRAN Package Check Results for Package googleTagManageR

Last updated on 2024-07-12 03:55:35 CEST.

Flavor Version Tinstall Tcheck Ttotal Status Flags
r-devel-linux-x86_64-debian-clang 0.2.0 7.64 65.54 73.18 OK
r-devel-linux-x86_64-debian-gcc 0.2.0 5.74 49.89 55.63 OK
r-devel-linux-x86_64-fedora-clang 0.2.0 94.09 NOTE
r-devel-linux-x86_64-fedora-gcc 0.2.0 86.63 NOTE
r-devel-windows-x86_64 0.2.0 9.00 89.00 98.00 OK
r-patched-linux-x86_64 0.2.0 10.19 63.48 73.67 OK
r-release-linux-x86_64 0.2.0 6.58 61.92 68.50 OK
r-release-macos-arm64 0.2.0 29.00 OK
r-release-macos-x86_64 0.2.0 51.00 OK
r-release-windows-x86_64 0.2.0 9.00 88.00 97.00 OK
r-oldrel-macos-arm64 0.2.0 31.00 OK
r-oldrel-macos-x86_64 0.2.0 46.00 OK
r-oldrel-windows-x86_64 0.2.0 11.00 99.00 110.00 OK

Check Details

Version: 0.2.0
Check: dependencies in R code
Result: NOTE Namespaces in Imports field not imported from: ‘assertthat’ ‘future’ ‘httr’ All declared Imports should be used. Flavors: r-devel-linux-x86_64-fedora-clang, r-devel-linux-x86_64-fedora-gcc