CRAN Package Check Results for Package googleAuthR

Last updated on 2024-07-25 04:49:53 CEST.

Flavor Version Tinstall Tcheck Ttotal Status Flags
r-devel-linux-x86_64-debian-clang 2.0.2 6.42 64.00 70.42 OK
r-devel-linux-x86_64-debian-gcc 2.0.2 5.27 48.49 53.76 NOTE
r-devel-linux-x86_64-fedora-clang 2.0.2 91.77 OK
r-devel-linux-x86_64-fedora-gcc 2.0.2 98.19 OK
r-devel-windows-x86_64 2.0.2 8.00 77.00 85.00 NOTE
r-patched-linux-x86_64 2.0.2 13.00 61.63 74.63 OK
r-release-linux-x86_64 2.0.2 5.62 61.52 67.14 OK
r-release-macos-arm64 2.0.2 40.00 OK
r-release-macos-x86_64 2.0.2 55.00 OK
r-release-windows-x86_64 2.0.2 7.00 76.00 83.00 OK
r-oldrel-macos-arm64 2.0.2 576.00 OK
r-oldrel-macos-x86_64 2.0.2 523.00 OK
r-oldrel-windows-x86_64 2.0.2 8.00 84.00 92.00 OK

Check Details

Version: 2.0.2
Check: Rd cross-references
Result: NOTE Found the following Rd file(s) with Rd \link{} targets missing package anchors: gar_auth.Rd: Token-class gar_auto_auth.Rd: Token-class Please provide package anchors for all Rd \link{} targets not in the package itself and the base packages. Flavors: r-devel-linux-x86_64-debian-gcc, r-devel-windows-x86_64