CRAN Package Check Results for Package golem

Last updated on 2022-07-01 03:53:51 CEST.

Flavor Version Tinstall Tcheck Ttotal Status Flags
r-devel-linux-x86_64-debian-clang 0.3.2 11.37 115.63 127.00 OK
r-devel-linux-x86_64-debian-gcc 0.3.2 7.08 88.22 95.30 OK
r-devel-linux-x86_64-fedora-clang 0.3.2 153.46 NOTE
r-devel-linux-x86_64-fedora-gcc 0.3.2 149.20 NOTE
r-devel-windows-x86_64 0.3.2 43.00 182.00 225.00 OK
r-patched-linux-x86_64 0.3.2 8.66 109.75 118.41 OK
r-release-linux-x86_64 0.3.2 9.85 111.04 120.89 OK
r-release-macos-arm64 0.3.2 52.00 NOTE
r-release-macos-x86_64 0.3.2 92.00 NOTE
r-release-windows-x86_64 0.3.2 47.00 175.00 222.00 OK
r-oldrel-macos-arm64 0.3.2 58.00 NOTE
r-oldrel-macos-x86_64 0.3.2 79.00 NOTE
r-oldrel-windows-ix86+x86_64 0.3.2 26.00 167.00 193.00 OK

Check Details

Version: 0.3.2
Check: dependencies in R code
Result: NOTE
    Namespace in Imports field not imported from: ‘brio’
     All declared Imports should be used.
Flavors: r-devel-linux-x86_64-fedora-clang, r-devel-linux-x86_64-fedora-gcc, r-release-macos-arm64, r-release-macos-x86_64, r-oldrel-macos-arm64, r-oldrel-macos-x86_64