Last updated on 2023-06-07 04:04:00 CEST.
Flavor | Version | Tinstall | Tcheck | Ttotal | Status | Flags |
---|---|---|---|---|---|---|
r-devel-linux-x86_64-debian-clang | 1.0.1 | 4.82 | 61.92 | 66.74 | NOTE | |
r-devel-linux-x86_64-debian-gcc | 1.0.1 | 4.35 | 47.52 | 51.87 | NOTE | |
r-devel-linux-x86_64-fedora-clang | 1.0.1 | 83.61 | NOTE | |||
r-devel-linux-x86_64-fedora-gcc | 1.0.1 | 92.47 | NOTE | |||
r-devel-windows-x86_64 | 1.0.1 | 8.00 | 70.00 | 78.00 | NOTE | |
r-patched-linux-x86_64 | 1.0.1 | 6.17 | 58.63 | 64.80 | NOTE | |
r-release-linux-x86_64 | 1.0.1 | 5.37 | 59.45 | 64.82 | NOTE | |
r-release-macos-arm64 | 1.0.1 | 37.00 | NOTE | |||
r-release-macos-x86_64 | 1.0.1 | 50.00 | NOTE | |||
r-release-windows-x86_64 | 1.0.1 | 8.00 | 78.00 | 86.00 | NOTE | |
r-oldrel-macos-arm64 | 1.0.1 | 29.00 | NOTE | |||
r-oldrel-macos-x86_64 | 1.0.1 | 49.00 | NOTE | |||
r-oldrel-windows-x86_64 | 1.0.1 | 9.00 | 80.00 | 89.00 | NOTE |
Version: 1.0.1
Check: LazyData
Result: NOTE
'LazyData' is specified without a 'data' directory
Flavors: r-devel-linux-x86_64-debian-clang, r-devel-linux-x86_64-debian-gcc, r-devel-linux-x86_64-fedora-clang, r-devel-linux-x86_64-fedora-gcc, r-devel-windows-x86_64, r-patched-linux-x86_64, r-release-linux-x86_64, r-release-macos-arm64, r-release-macos-x86_64, r-release-windows-x86_64, r-oldrel-macos-arm64, r-oldrel-macos-x86_64, r-oldrel-windows-x86_64