CRAN Package Check Results for Package gmodels

Last updated on 2021-12-01 03:55:29 CET.

Flavor Version Tinstall Tcheck Ttotal Status Flags
r-devel-linux-x86_64-debian-clang 2.18.1 3.18 31.32 34.50 OK
r-devel-linux-x86_64-debian-gcc 2.18.1 2.58 27.35 29.93 OK
r-devel-linux-x86_64-fedora-clang 2.18.1 52.79 NOTE
r-devel-linux-x86_64-fedora-gcc 2.18.1 42.10 OK
r-devel-windows-x86_64-new-UL 2.18.1 9.00 65.00 74.00 OK
r-devel-windows-x86_64-new-TK 2.18.1 OK
r-devel-windows-x86_64-old 2.18.1 6.00 39.00 45.00 OK
r-patched-linux-x86_64 2.18.1 3.43 29.81 33.24 OK
r-patched-solaris-x86 2.18.1 60.80 OK
r-release-linux-x86_64 2.18.1 3.66 29.88 33.54 OK
r-release-macos-arm64 2.18.1 OK
r-release-macos-x86_64 2.18.1 OK
r-release-windows-ix86+x86_64 2.18.1 8.00 37.00 45.00 OK
r-oldrel-macos-x86_64 2.18.1 OK
r-oldrel-windows-ix86+x86_64 2.18.1 6.00 37.00 43.00 OK

Check Details

Version: 2.18.1
Check: Rd cross-references
Result: NOTE
    Undeclared package ‘rms’ in Rd xrefs
Flavor: r-devel-linux-x86_64-fedora-clang