CRAN Package Check Results for Package glow

Last updated on 2022-01-24 15:54:13 CET.

Flavor Version Tinstall Tcheck Ttotal Status Flags
r-devel-linux-x86_64-debian-clang 0.10.1 39.56 72.86 112.42 OK
r-devel-linux-x86_64-debian-gcc 0.10.1 25.69 53.93 79.62 OK
r-devel-linux-x86_64-fedora-clang 0.10.1 144.54 NOTE
r-devel-linux-x86_64-fedora-gcc 0.10.1 126.68 NOTE
r-devel-windows-x86_64-new-UL 0.10.1 45.00 120.00 165.00 OK
r-devel-windows-x86_64-new-TK 0.10.1 NOTE
r-patched-linux-x86_64 0.10.1 37.18 67.60 104.78 OK
r-release-linux-x86_64 0.10.1 33.45 67.45 100.90 OK
r-release-macos-arm64 0.10.1 NOTE
r-release-macos-x86_64 0.10.1 NOTE
r-release-windows-ix86+x86_64 0.10.1 82.00 132.00 214.00 OK
r-oldrel-macos-x86_64 0.10.1 NOTE
r-oldrel-windows-ix86+x86_64 0.10.1 84.00 128.00 212.00 OK

Check Details

Version: 0.10.1
Check: installed package size
Result: NOTE
     installed size is 11.3Mb
     sub-directories of 1Mb or more:
     doc 2.4Mb
     libs 8.7Mb
Flavors: r-devel-linux-x86_64-fedora-clang, r-release-macos-arm64, r-release-macos-x86_64, r-oldrel-macos-x86_64

Version: 0.10.1
Check: dependencies in R code
Result: NOTE
    Namespace in Imports field not imported from: ‘scales’
     All declared Imports should be used.
Flavors: r-devel-linux-x86_64-fedora-clang, r-devel-linux-x86_64-fedora-gcc, r-devel-windows-x86_64-new-TK, r-release-macos-arm64, r-release-macos-x86_64, r-oldrel-macos-x86_64