CRAN Package Check Results for Package glottospace

Last updated on 2022-09-25 03:54:31 CEST.

Flavor Version Tinstall Tcheck Ttotal Status Flags
r-devel-linux-x86_64-debian-clang 0.0.112 13.21 70.06 83.27 OK
r-devel-linux-x86_64-debian-gcc 0.0.112 10.17 53.57 63.74 OK
r-devel-linux-x86_64-fedora-clang 0.0.112 109.60 NOTE
r-devel-linux-x86_64-fedora-gcc 0.0.112 120.11 NOTE
r-devel-windows-x86_64 0.0.112 70.00 94.00 164.00 OK
r-patched-linux-x86_64 0.0.112 9.88 66.28 76.16 OK
r-release-linux-x86_64 0.0.112 10.41 66.86 77.27 OK
r-release-macos-arm64 0.0.112 34.00 NOTE
r-release-macos-x86_64 0.0.112 59.00 NOTE
r-release-windows-x86_64 0.0.112 83.00 91.00 174.00 OK
r-oldrel-macos-arm64 0.0.112 26.00 NOTE
r-oldrel-macos-x86_64 0.0.112 46.00 NOTE
r-oldrel-windows-ix86+x86_64 0.0.112 23.00 93.00 116.00 OK

Check Details

Version: 0.0.112
Check: dependencies in R code
Result: NOTE
    Namespace in Imports field not imported from: ‘rnaturalearthdata’
     All declared Imports should be used.
Flavors: r-devel-linux-x86_64-fedora-clang, r-devel-linux-x86_64-fedora-gcc, r-release-macos-arm64, r-release-macos-x86_64, r-oldrel-macos-arm64, r-oldrel-macos-x86_64

Version: 0.0.112
Check: data for non-ASCII characters
Result: NOTE
     Note: found 1191 marked UTF-8 strings
Flavors: r-devel-linux-x86_64-fedora-clang, r-devel-linux-x86_64-fedora-gcc, r-release-macos-arm64, r-release-macos-x86_64, r-oldrel-macos-arm64, r-oldrel-macos-x86_64