Last updated on 2023-10-01 05:05:43 CEST.
Flavor | Version | Tinstall | Tcheck | Ttotal | Status | Flags |
---|---|---|---|---|---|---|
r-devel-linux-x86_64-debian-clang | 1.0.9 | 11.23 | 245.18 | 256.41 | NOTE | |
r-devel-linux-x86_64-debian-gcc | 1.0.9 | 11.70 | 180.96 | 192.66 | NOTE | |
r-devel-linux-x86_64-fedora-clang | 1.0.9 | 311.58 | NOTE | |||
r-devel-linux-x86_64-fedora-gcc | 1.0.9 | 323.02 | NOTE | |||
r-devel-windows-x86_64 | 1.0.9 | 12.00 | 259.00 | 271.00 | NOTE | |
r-patched-linux-x86_64 | 1.0.9 | 25.52 | 239.29 | 264.81 | OK | |
r-release-linux-x86_64 | 1.0.9 | 12.91 | 242.28 | 255.19 | OK | |
r-release-macos-arm64 | 1.0.9 | 113.00 | OK | |||
r-release-macos-x86_64 | 1.0.9 | 397.00 | OK | |||
r-release-windows-x86_64 | 1.0.9 | 15.00 | 214.00 | 229.00 | OK | |
r-oldrel-macos-arm64 | 1.0.9 | 135.00 | OK | |||
r-oldrel-macos-x86_64 | 1.0.9 | 160.00 | OK | |||
r-oldrel-windows-x86_64 | 1.0.9 | 16.00 | 199.00 | 215.00 | OK |
Version: 1.0.9
Check: Rd \usage sections
Result: NOTE
Documented arguments not in \usage in documentation object 'glmpathcr-internal':
‘fit’
Functions with \usage entries need to have the appropriate \alias
entries, and all their arguments documented.
The \usage entries must correspond to syntactically valid R code.
See chapter ‘Writing R documentation files’ in the ‘Writing R
Extensions’ manual.
Flavors: r-devel-linux-x86_64-debian-clang, r-devel-linux-x86_64-debian-gcc, r-devel-linux-x86_64-fedora-clang, r-devel-linux-x86_64-fedora-gcc, r-devel-windows-x86_64