CRAN Package Check Results for Package glmmSeq

Last updated on 2022-01-26 03:54:22 CET.

Flavor Version Tinstall Tcheck Ttotal Status Flags
r-devel-linux-x86_64-debian-clang 0.1.0 15.81 202.35 218.16 OK
r-devel-linux-x86_64-debian-gcc 0.1.0 12.46 152.66 165.12 OK
r-devel-linux-x86_64-fedora-clang 0.1.0 246.43 OK
r-devel-linux-x86_64-fedora-gcc 0.1.0 249.47 OK
r-devel-windows-x86_64-new-UL 0.1.0 27.00 273.00 300.00 OK
r-devel-windows-x86_64-new-TK 0.1.0 ERROR
r-patched-linux-x86_64 0.1.0 14.02 186.53 200.55 OK
r-release-linux-x86_64 0.1.0 13.08 187.47 200.55 OK
r-release-macos-arm64 0.1.0 OK
r-release-macos-x86_64 0.1.0 OK
r-release-windows-ix86+x86_64 0.1.0 26.00 291.00 317.00 OK
r-oldrel-macos-x86_64 0.1.0 OK
r-oldrel-windows-ix86+x86_64 0.1.0 34.00 231.00 265.00 WARN

Check Details

Version: 0.1.0
Check: package dependencies
Result: ERROR
    Packages required but not available: 'car', 'ggpubr', 'lme4'
    
    See section 'The DESCRIPTION file' in the 'Writing R Extensions'
    manual.
Flavor: r-devel-windows-x86_64-new-TK

Version: 0.1.0
Check: re-building of vignette outputs
Result: WARN
    Error(s) in re-building vignettes:
    --- re-building 'glmmSeq.rmd' using rmarkdown
    Using classic mode.
    Quitting from lines 252-260 (glmmSeq.rmd)
    Error: processing vignette 'glmmSeq.rmd' failed with diagnostics:
    All genes returned an error. Check sufficient data in each group
    --- failed re-building 'glmmSeq.rmd'
    
    SUMMARY: processing the following file failed:
     'glmmSeq.rmd'
    
    Error: Vignette re-building failed.
    Execution halted
Flavor: r-oldrel-windows-ix86+x86_64