CRAN Package Check Results for Package glmglrt

Last updated on 2022-01-20 03:55:30 CET.

Flavor Version Tinstall Tcheck Ttotal Status Flags
r-devel-linux-x86_64-debian-clang 0.2.2 NOTE
r-devel-linux-x86_64-debian-gcc 0.2.2 3.00 88.11 91.11 NOTE
r-devel-linux-x86_64-fedora-clang 0.2.2 145.40 NOTE
r-devel-linux-x86_64-fedora-gcc 0.2.2 132.19 NOTE
r-devel-windows-x86_64-new-UL 0.2.2 35.00 138.00 173.00 NOTE
r-devel-windows-x86_64-new-TK 0.2.2 NOTE
r-patched-linux-x86_64 0.2.2 6.12 115.35 121.47 NOTE
r-release-linux-x86_64 0.2.2 NOTE
r-release-macos-arm64 0.2.2 NOTE
r-release-macos-x86_64 0.2.2 NOTE
r-release-windows-ix86+x86_64 0.2.2 18.00 131.00 149.00 NOTE
r-oldrel-macos-x86_64 0.2.2 OK
r-oldrel-windows-ix86+x86_64 0.2.2 18.00 134.00 152.00 OK

Check Details

Version: 0.2.2
Check: LazyData
Result: NOTE
     'LazyData' is specified without a 'data' directory
Flavors: r-devel-linux-x86_64-debian-clang, r-devel-linux-x86_64-debian-gcc, r-devel-linux-x86_64-fedora-clang, r-devel-linux-x86_64-fedora-gcc, r-devel-windows-x86_64-new-UL, r-devel-windows-x86_64-new-TK, r-patched-linux-x86_64, r-release-linux-x86_64, r-release-macos-arm64, r-release-macos-x86_64, r-release-windows-ix86+x86_64