CRAN Package Check Results for Package glme

Last updated on 2022-01-27 15:53:36 CET.

Flavor Version Tinstall Tcheck Ttotal Status Flags
r-devel-linux-x86_64-debian-clang 0.1.0 5.58 59.14 64.72 NOTE
r-devel-linux-x86_64-debian-gcc 0.1.0 3.67 43.82 47.49 NOTE
r-devel-linux-x86_64-fedora-clang 0.1.0 73.92 NOTE
r-devel-linux-x86_64-fedora-gcc 0.1.0 64.95 NOTE
r-devel-windows-x86_64-new-UL 0.1.0 17.00 71.00 88.00 NOTE
r-devel-windows-x86_64-new-TK 0.1.0 NOTE
r-patched-linux-x86_64 0.1.0 4.40 54.37 58.77 NOTE
r-release-linux-x86_64 0.1.0 5.64 52.87 58.51 NOTE
r-release-macos-arm64 0.1.0 NOTE
r-release-macos-x86_64 0.1.0 NOTE
r-release-windows-ix86+x86_64 0.1.0 13.00 65.00 78.00 NOTE
r-oldrel-macos-x86_64 0.1.0 OK
r-oldrel-windows-ix86+x86_64 0.1.0 14.00 67.00 81.00 OK

Check Details

Version: 0.1.0
Check: LazyData
Result: NOTE
     'LazyData' is specified without a 'data' directory
Flavors: r-devel-linux-x86_64-debian-clang, r-devel-linux-x86_64-debian-gcc, r-devel-linux-x86_64-fedora-clang, r-devel-linux-x86_64-fedora-gcc, r-devel-windows-x86_64-new-UL, r-devel-windows-x86_64-new-TK, r-patched-linux-x86_64, r-release-linux-x86_64, r-release-macos-arm64, r-release-macos-x86_64, r-release-windows-ix86+x86_64