Last updated on 2023-04-01 15:51:54 CEST.
Flavor | Version | Tinstall | Tcheck | Ttotal | Status | Flags |
---|---|---|---|---|---|---|
r-devel-linux-x86_64-debian-clang | 1.4.1 | 345.50 | 353.10 | 698.60 | OK | |
r-devel-linux-x86_64-debian-gcc | 1.4.1 | 335.91 | 269.15 | 605.06 | OK | |
r-devel-linux-x86_64-fedora-clang | 1.4.1 | 850.76 | NOTE | |||
r-devel-linux-x86_64-fedora-gcc | 1.4.1 | 1054.69 | OK | |||
r-devel-windows-x86_64 | 1.4.1 | 376.00 | 425.00 | 801.00 | NOTE | |
r-patched-linux-x86_64 | 1.4.1 | 334.21 | 350.50 | 684.71 | OK | |
r-release-linux-x86_64 | 1.4.1 | 282.65 | 340.75 | 623.40 | OK | |
r-release-macos-arm64 | 1.4.1 | 263.00 | NOTE | |||
r-release-macos-x86_64 | 1.4.1 | 333.00 | NOTE | |||
r-release-windows-x86_64 | 1.4.1 | 226.00 | 404.00 | 630.00 | NOTE | |
r-oldrel-macos-arm64 | 1.4.1 | 268.00 | NOTE | |||
r-oldrel-macos-x86_64 | 1.4.1 | 337.00 | NOTE | |||
r-oldrel-windows-ix86+x86_64 | 1.4.1 | 227.00 | 20.00 | 247.00 | ERROR |
Version: 1.4.1
Check: installed package size
Result: NOTE
installed size is 5.8Mb
sub-directories of 1Mb or more:
doc 1.4Mb
libs 3.5Mb
Flavors: r-devel-linux-x86_64-fedora-clang, r-devel-windows-x86_64, r-release-macos-arm64, r-release-macos-x86_64, r-release-windows-x86_64, r-oldrel-macos-arm64, r-oldrel-macos-x86_64
Version: 1.4.1
Check: whether package can be installed
Result: ERROR
Installation failed.
Flavor: r-oldrel-windows-ix86+x86_64