CRAN Package Check Results for Package git2rdata

Last updated on 2021-10-27 15:51:52 CEST.

Flavor Version Tinstall Tcheck Ttotal Status Flags
r-devel-linux-x86_64-debian-clang 0.3.1 2.96 57.45 60.41 NOTE
r-devel-linux-x86_64-debian-gcc 0.3.1 3.02 44.96 47.98 NOTE
r-devel-linux-x86_64-fedora-clang 0.3.1 83.95 NOTE
r-devel-linux-x86_64-fedora-gcc 0.3.1 74.13 NOTE
r-devel-windows-x86_64 0.3.1 7.00 101.00 108.00 NOTE
r-devel-windows-x86_64-gcc10-UCRT 0.3.1 NOTE
r-patched-linux-x86_64 0.3.1 4.09 58.70 62.79 NOTE
r-patched-solaris-x86 0.3.1 102.60 NOTE
r-release-linux-x86_64 0.3.1 3.75 58.81 62.56 NOTE
r-release-macos-arm64 0.3.1 NOTE
r-release-macos-x86_64 0.3.1 NOTE
r-release-windows-ix86+x86_64 0.3.1 7.00 99.00 106.00 NOTE
r-oldrel-macos-x86_64 0.3.1 OK
r-oldrel-windows-ix86+x86_64 0.3.1 9.00 99.00 108.00 OK

Check Details

Version: 0.3.1
Check: LazyData
Result: NOTE
     'LazyData' is specified without a 'data' directory
Flavors: r-devel-linux-x86_64-debian-clang, r-devel-linux-x86_64-debian-gcc, r-devel-linux-x86_64-fedora-clang, r-devel-linux-x86_64-fedora-gcc, r-devel-windows-x86_64, r-devel-windows-x86_64-gcc10-UCRT, r-patched-linux-x86_64, r-patched-solaris-x86, r-release-linux-x86_64, r-release-macos-arm64, r-release-macos-x86_64, r-release-windows-ix86+x86_64