CRAN Package Check Results for Package git2r

Last updated on 2021-12-07 03:53:43 CET.

Flavor Version Tinstall Tcheck Ttotal Status Flags
r-devel-linux-x86_64-debian-clang 0.29.0 17.06 84.88 101.94 OK
r-devel-linux-x86_64-debian-gcc 0.29.0 12.42 67.25 79.67 OK
r-devel-linux-x86_64-fedora-clang 0.29.0 109.34 OK
r-devel-linux-x86_64-fedora-gcc 0.29.0 97.47 OK
r-devel-windows-x86_64-new-UL 0.29.0 68.00 171.00 239.00 OK
r-devel-windows-x86_64-new-TK 0.29.0 OK
r-devel-windows-x86_64-old 0.29.0 36.00 120.00 156.00 OK
r-patched-linux-x86_64 0.29.0 15.85 74.55 90.40 OK
r-release-linux-x86_64 0.29.0 14.63 82.30 96.93 OK
r-release-macos-arm64 0.29.0 OK
r-release-macos-x86_64 0.29.0 OK
r-release-windows-ix86+x86_64 0.29.0 53.00 172.00 225.00 NOTE
r-oldrel-macos-x86_64 0.29.0 OK
r-oldrel-windows-ix86+x86_64 0.29.0 67.00 169.00 236.00 NOTE

Check Details

Version: 0.29.0
Check: installed package size
Result: NOTE
     installed size is 8.0Mb
     sub-directories of 1Mb or more:
     libs 7.5Mb
Flavors: r-release-windows-ix86+x86_64, r-oldrel-windows-ix86+x86_64