CRAN Package Check Results for Package giscoR

Last updated on 2022-01-24 03:51:32 CET.

Flavor Version Tinstall Tcheck Ttotal Status Flags
r-devel-linux-x86_64-debian-clang 0.3.1 3.93 61.70 65.63 OK
r-devel-linux-x86_64-debian-gcc 0.3.1 3.24 47.30 50.54 OK
r-devel-linux-x86_64-fedora-clang 0.3.1 80.51 NOTE
r-devel-linux-x86_64-fedora-gcc 0.3.1 67.57 NOTE
r-devel-windows-x86_64-new-UL 0.3.1 31.00 82.00 113.00 OK
r-devel-windows-x86_64-new-TK 0.3.1 NOTE
r-patched-linux-x86_64 0.3.1 4.81 58.54 63.35 OK
r-release-linux-x86_64 0.3.1 4.14 58.88 63.02 OK
r-release-macos-arm64 0.3.1 NOTE
r-release-macos-x86_64 0.3.1 NOTE
r-release-windows-ix86+x86_64 0.3.1 8.00 72.00 80.00 OK
r-oldrel-macos-x86_64 0.3.1 NOTE
r-oldrel-windows-ix86+x86_64 0.3.1 9.00 73.00 82.00 OK

Check Details

Version: 0.3.1
Check: data for non-ASCII characters
Result: NOTE
     Note: found 1178 marked UTF-8 strings
Flavors: r-devel-linux-x86_64-fedora-clang, r-devel-linux-x86_64-fedora-gcc, r-devel-windows-x86_64-new-TK, r-release-macos-arm64, r-release-macos-x86_64, r-oldrel-macos-x86_64