CRAN Package Check Results for Package gifti

Last updated on 2022-01-23 15:49:08 CET.

Flavor Version Tinstall Tcheck Ttotal Status Flags
r-devel-linux-x86_64-debian-clang 0.8.0 3.22 68.06 71.28 NOTE
r-devel-linux-x86_64-debian-gcc 0.8.0 2.31 56.42 58.73 NOTE
r-devel-linux-x86_64-fedora-clang 0.8.0 84.22 NOTE
r-devel-linux-x86_64-fedora-gcc 0.8.0 71.72 NOTE
r-devel-windows-x86_64-new-UL 0.8.0 28.00 279.00 307.00 NOTE
r-devel-windows-x86_64-new-TK 0.8.0 NOTE
r-patched-linux-x86_64 0.8.0 3.21 65.66 68.87 NOTE
r-release-linux-x86_64 0.8.0 2.98 65.36 68.34 NOTE
r-release-macos-arm64 0.8.0 NOTE
r-release-macos-x86_64 0.8.0 NOTE
r-release-windows-ix86+x86_64 0.8.0 6.00 170.00 176.00 NOTE
r-oldrel-macos-x86_64 0.8.0 OK
r-oldrel-windows-ix86+x86_64 0.8.0 8.00 156.00 164.00 OK

Check Details

Version: 0.8.0
Check: LazyData
Result: NOTE
     'LazyData' is specified without a 'data' directory
Flavors: r-devel-linux-x86_64-debian-clang, r-devel-linux-x86_64-debian-gcc, r-devel-linux-x86_64-fedora-clang, r-devel-linux-x86_64-fedora-gcc, r-devel-windows-x86_64-new-UL, r-devel-windows-x86_64-new-TK, r-patched-linux-x86_64, r-release-linux-x86_64, r-release-macos-arm64, r-release-macos-x86_64, r-release-windows-ix86+x86_64