CRAN Package Check Results for Package gifski

Last updated on 2021-12-05 15:48:42 CET.

Flavor Version Tinstall Tcheck Ttotal Status Flags
r-devel-linux-x86_64-debian-clang 1.4.3-1 225.65 28.55 254.20 OK
r-devel-linux-x86_64-debian-gcc 1.4.3-1 173.34 23.21 196.55 OK
r-devel-linux-x86_64-fedora-clang 1.4.3-1 384.13 OK
r-devel-linux-x86_64-fedora-gcc 1.4.3-1 367.73 OK
r-devel-windows-x86_64-new-UL 1.4.3-1 15.00 73.00 88.00 OK
r-devel-windows-x86_64-new-TK 1.4.3-1 OK
r-devel-windows-x86_64-old 1.4.3-1 9.00 35.00 44.00 OK
r-patched-linux-x86_64 1.4.3-1 223.86 20.03 243.89 OK
r-release-linux-x86_64 1.4.3-1 228.12 27.96 256.08 OK
r-release-macos-arm64 1.4.3-1 NOTE
r-release-macos-x86_64 1.4.3-1 NOTE
r-release-windows-ix86+x86_64 1.4.3-1 13.00 59.00 72.00 OK
r-oldrel-macos-x86_64 1.4.3-1 NOTE
r-oldrel-windows-ix86+x86_64 1.4.3-1 14.00 59.00 73.00 OK

Check Details

Version: 1.4.3-1
Check: installed package size
Result: NOTE
     installed size is 6.7Mb
     sub-directories of 1Mb or more:
     libs 6.7Mb
Flavors: r-release-macos-arm64, r-release-macos-x86_64, r-oldrel-macos-x86_64