CRAN Package Check Results for Package ggx

Last updated on 2021-10-16 15:50:46 CEST.

Flavor Version Tinstall Tcheck Ttotal Status Flags
r-devel-linux-x86_64-debian-clang 0.1.1 1.91 27.31 29.22 NOTE
r-devel-linux-x86_64-debian-gcc 0.1.1 1.52 21.71 23.23 NOTE
r-devel-linux-x86_64-fedora-clang 0.1.1 45.78 NOTE
r-devel-linux-x86_64-fedora-gcc 0.1.1 35.27 NOTE
r-devel-windows-x86_64 0.1.1 4.00 39.00 43.00 NOTE
r-devel-windows-x86_64-gcc10-UCRT 0.1.1 NOTE
r-patched-linux-x86_64 0.1.1 1.92 28.99 30.91 NOTE
r-patched-solaris-x86 0.1.1 60.20 NOTE
r-release-linux-x86_64 0.1.1 1.91 28.91 30.82 NOTE
r-release-macos-arm64 0.1.1 NOTE
r-release-macos-x86_64 0.1.1 NOTE
r-release-windows-ix86+x86_64 0.1.1 7.00 48.00 55.00 NOTE
r-oldrel-macos-x86_64 0.1.1 NOTE
r-oldrel-windows-ix86+x86_64 0.1.1 6.00 48.00 54.00 OK

Check Details

Version: 0.1.1
Check: LazyData
Result: NOTE
     'LazyData' is specified without a 'data' directory
Flavors: r-devel-linux-x86_64-debian-clang, r-devel-linux-x86_64-debian-gcc, r-devel-linux-x86_64-fedora-clang, r-devel-linux-x86_64-fedora-gcc, r-devel-windows-x86_64, r-devel-windows-x86_64-gcc10-UCRT, r-patched-linux-x86_64, r-patched-solaris-x86, r-release-linux-x86_64, r-release-macos-arm64, r-release-macos-x86_64, r-release-windows-ix86+x86_64

Version: 0.1.1
Check: dependencies in R code
Result: NOTE
    Namespace in Imports field not imported from: ‘ggplot2’
     All declared Imports should be used.
Flavors: r-devel-linux-x86_64-fedora-clang, r-devel-linux-x86_64-fedora-gcc, r-devel-windows-x86_64-gcc10-UCRT, r-patched-solaris-x86, r-release-macos-arm64, r-release-macos-x86_64, r-oldrel-macos-x86_64