CRAN Package Check Results for Package ggwordcloud

Last updated on 2021-12-01 03:55:29 CET.

Flavor Version Tinstall Tcheck Ttotal Status Flags
r-devel-linux-x86_64-debian-clang 0.5.0 21.67 218.63 240.30 OK
r-devel-linux-x86_64-debian-gcc 0.5.0 16.24 170.06 186.30 OK
r-devel-linux-x86_64-fedora-clang 0.5.0 277.60 NOTE
r-devel-linux-x86_64-fedora-gcc 0.5.0 258.07 NOTE
r-devel-windows-x86_64-new-UL 0.5.0 37.00 452.00 489.00 OK
r-devel-windows-x86_64-new-TK 0.5.0 NOTE
r-devel-windows-x86_64-old 0.5.0 33.00 150.00 183.00 OK
r-patched-linux-x86_64 0.5.0 20.68 197.63 218.31 OK
r-patched-solaris-x86 0.5.0 164.80 NOTE
r-release-linux-x86_64 0.5.0 20.87 197.02 217.89 OK
r-release-macos-arm64 0.5.0 NOTE
r-release-macos-x86_64 0.5.0 NOTE
r-release-windows-ix86+x86_64 0.5.0 57.00 181.00 238.00 OK
r-oldrel-macos-x86_64 0.5.0 NOTE
r-oldrel-windows-ix86+x86_64 0.5.0 41.00 198.00 239.00 OK

Check Details

Version: 0.5.0
Check: data for non-ASCII characters
Result: NOTE
     Note: found 203 marked UTF-8 strings
Flavors: r-devel-linux-x86_64-fedora-clang, r-devel-linux-x86_64-fedora-gcc, r-devel-windows-x86_64-new-TK, r-patched-solaris-x86, r-release-macos-arm64, r-release-macos-x86_64, r-oldrel-macos-x86_64