CRAN Package Check Results for Package ggtext

Last updated on 2021-12-01 15:51:58 CET.

Flavor Version Tinstall Tcheck Ttotal Status Flags
r-devel-linux-x86_64-debian-clang 0.1.1 5.89 76.00 81.89 NOTE
r-devel-linux-x86_64-debian-gcc 0.1.1 4.00 56.01 60.01 NOTE
r-devel-linux-x86_64-fedora-clang 0.1.1 107.13 NOTE
r-devel-linux-x86_64-fedora-gcc 0.1.1 91.84 NOTE
r-devel-windows-x86_64-new-UL 0.1.1 14.00 135.00 149.00 NOTE
r-devel-windows-x86_64-new-TK 0.1.1 NOTE
r-devel-windows-x86_64-old 0.1.1 10.00 77.00 87.00 NOTE
r-patched-linux-x86_64 0.1.1 5.43 70.52 75.95 NOTE
r-patched-solaris-x86 0.1.1 128.40 NOTE
r-release-linux-x86_64 0.1.1 5.09 69.32 74.41 NOTE
r-release-macos-arm64 0.1.1 NOTE
r-release-macos-x86_64 0.1.1 NOTE
r-release-windows-ix86+x86_64 0.1.1 14.00 70.00 84.00 NOTE
r-oldrel-macos-x86_64 0.1.1 OK
r-oldrel-windows-ix86+x86_64 0.1.1 11.00 73.00 84.00 OK

Check Details

Version: 0.1.1
Check: LazyData
Result: NOTE
     'LazyData' is specified without a 'data' directory
Flavors: r-devel-linux-x86_64-debian-clang, r-devel-linux-x86_64-debian-gcc, r-devel-linux-x86_64-fedora-clang, r-devel-linux-x86_64-fedora-gcc, r-devel-windows-x86_64-new-UL, r-devel-windows-x86_64-new-TK, r-devel-windows-x86_64-old, r-patched-linux-x86_64, r-patched-solaris-x86, r-release-linux-x86_64, r-release-macos-arm64, r-release-macos-x86_64, r-release-windows-ix86+x86_64