CRAN Package Check Results for Package ggsignif

Last updated on 2021-06-17 04:56:12 CEST.

Flavor Version Tinstall Tcheck Ttotal Status Flags
r-devel-linux-x86_64-debian-clang 0.6.2 4.74 45.53 50.27 OK
r-devel-linux-x86_64-debian-gcc 0.6.2 3.14 34.63 37.77 OK
r-devel-linux-x86_64-fedora-clang 0.6.2 68.48 OK
r-devel-linux-x86_64-fedora-gcc 0.6.2 60.66 OK
r-devel-windows-x86_64 0.6.2 8.00 57.00 65.00 OK
r-devel-windows-x86_64-gcc10-UCRT 0.6.1 NOTE
r-patched-linux-x86_64 0.6.1 3.72 41.55 45.27 NOTE
r-patched-solaris-x86 0.6.2 84.40 OK
r-release-linux-x86_64 0.6.2 3.55 42.76 46.31 OK
r-release-macos-arm64 0.6.1 NOTE
r-release-macos-x86_64 0.6.2 OK
r-release-windows-ix86+x86_64 0.6.2 11.00 56.00 67.00 OK
r-oldrel-macos-x86_64 0.6.2 OK
r-oldrel-windows-ix86+x86_64 0.6.1 8.00 58.00 66.00 OK

Check Details

Version: 0.6.1
Check: package dependencies
Result: NOTE
    Package suggested but not available for checking: 'vdiffr'
Flavor: r-devel-windows-x86_64-gcc10-UCRT

Version: 0.6.1
Check: LazyData
Result: NOTE
     'LazyData' is specified without a 'data' directory
Flavors: r-devel-windows-x86_64-gcc10-UCRT, r-patched-linux-x86_64, r-release-macos-arm64