CRAN Package Check Results for Package ggpval

Last updated on 2022-06-30 03:53:24 CEST.

Flavor Version Tinstall Tcheck Ttotal Status Flags
r-devel-linux-x86_64-debian-clang 0.2.4 5.40 69.44 74.84 NOTE
r-devel-linux-x86_64-debian-gcc 0.2.4 4.36 51.42 55.78 NOTE
r-devel-linux-x86_64-fedora-clang 0.2.4 97.00 NOTE
r-devel-linux-x86_64-fedora-gcc 0.2.4 96.72 NOTE
r-devel-windows-x86_64 0.2.4 17.00 91.00 108.00 NOTE
r-patched-linux-x86_64 0.2.4 5.35 65.66 71.01 NOTE
r-release-linux-x86_64 0.2.4 4.90 65.03 69.93 NOTE
r-release-macos-arm64 0.2.4 28.00 NOTE
r-release-macos-x86_64 0.2.4 50.00 NOTE
r-release-windows-x86_64 0.2.4 14.00 94.00 108.00 NOTE
r-oldrel-macos-arm64 0.2.4 34.00 NOTE
r-oldrel-macos-x86_64 0.2.4 48.00 NOTE
r-oldrel-windows-ix86+x86_64 0.2.4 15.00 89.00 104.00 NOTE

Check Details

Version: 0.2.4
Check: LazyData
Result: NOTE
     'LazyData' is specified without a 'data' directory
Flavors: r-devel-linux-x86_64-debian-clang, r-devel-linux-x86_64-debian-gcc, r-devel-linux-x86_64-fedora-clang, r-devel-linux-x86_64-fedora-gcc, r-devel-windows-x86_64, r-patched-linux-x86_64, r-release-linux-x86_64, r-release-macos-arm64, r-release-macos-x86_64, r-release-windows-x86_64, r-oldrel-macos-arm64, r-oldrel-macos-x86_64, r-oldrel-windows-ix86+x86_64